the ten millions digit of 148837178?
4
What is the ten millions digit of 3522742821?
2
What is the billions digit of 2873554548?
2
What is the ten thousands digit of 140610557?
1
What is the ten thousands digit of 109568757?
6
What is the hundred thousands digit of 61991083?
9
What is the tens digit of 386919503?
0
What is the units digit of 4368627?
7
What is the thousands digit of 3459124?
9
What is the hundreds digit of 36088313?
3
What is the ten millions digit of 42473507?
4
What is the thousands digit of 986037254?
7
What is the units digit of 51317079?
9
What is the ten thousands digit of 1891266996?
6
What is the thousands digit of 290212135?
2
What is the hundred thousands digit of 757744925?
7
What is the hundred thousands digit of 280367549?
3
What is the ten millions digit of 1103509278?
0
What is the units digit of 376152540?
0
What is the ten millions digit of 82898759?
8
What is the billions digit of 1777233068?
1
What is the hundreds digit of 312346222?
2
What is the units digit of 250357811?
1
What is the units digit of 21041247?
7
What is the hundreds digit of 4899971041?
0
What is the ten thousands digit of 2602365532?
6
What is the thousands digit of 18554762?
4
What is the tens digit of 532573799?
9
What is the hundred thousands digit of 390226714?
2
What is the ten thousands digit of 35528295?
2
What is the hundred millions digit of 1286648765?
2
What is the hundred millions digit of 1168308677?
1
What is the hundreds digit of 48830909?
9
What is the thousands digit of 2225522475?
2
What is the millions digit of 1837786818?
7
What is the millions digit of 136406973?
6
What is the hundred thousands digit of 3969230081?
2
What is the hundred thousands digit of 223499064?
4
What is the ten millions digit of 248714701?
4
What is the tens digit of 2787277?
7
What is the hundred millions digit of 3587099303?
5
What is the ten thousands digit of 79201232?
0
What is the units digit of 75630785?
5
What is the ten millions digit of 146308093?
4
What is the millions digit of 310179227?
0
What is the ten thousands digit of 4500960281?
6
What is the tens digit of 853238967?
6
What is the hundreds digit of 456433518?
5
What is the hundred millions digit of 1043822526?
0
What is the hundreds digit of 574778048?
0
What is the hundred millions digit of 769472109?
7
What is the millions digit of 123719843?
3
What is the ten millions digit of 8346000175?
4
What is the units digit of 228553896?
6
What is the tens digit of 132138662?
6
What is the millions digit of 797626469?
7
What is the tens digit of 92938154?
5
What is the millions digit of 1712838620?
2
What is the thousands digit of 45979353?
9
What is the units digit of 14683183?
3
What is the hundred thousands digit of 2972596974?
5
What is the hundreds digit of 62266546?
5
What is the ten thousands digit of 459027005?
2
What is the thousands digit of 260305559?
5
What is the units digit of 968616104?
4
What is the millions digit of 155750094?
5
What is the hundred thousands digit of 258448716?
4
What is the hundreds digit of 177145917?
9
What is the millions digit of 6643816?
6
What is the hundreds digit of 451826416?
4
What is the hundreds digit of 59730199?
1
What is the tens digit of 15418518?
1
What is the thousands digit of 57019468?
9
What is the hundreds digit of 124517835?
8
What is the ten thousands digit of 568257853?
5
What is the millions digit of 100041589?
0
What is the thousands digit of 1071149939?
9
What is the hundreds digit of 59030576?
5
What is the tens digit of 38722367?
6
What is the units digit of 748980631?
1
What is the ten thousands digit of 4662394209?
9
What is the ten millions digit of 43401646?
4
What is the units digit of 127177832?
2
What is the millions digit of 128501992?
8
What is the thousands digit of 166437288?
7
What is the thousands digit of 5368884658?
4
What is the hundreds digit of 1969970244?
2
What is the billions digit of 1045798288?
1
What is the millions digit of 28934208?
8
What is the ten thousands digit of 116512184?
1
What is the hundreds digit of 3882016420?
4
What is the thousands digit of 6023753938?
3
What is the thousands digit of 162003743?
3
What is the ten millions digit of 2041357455?
4
What is the thousands digit of 67174246?
4
What is the ten thousands digit of 184347601?
4
What is the thousands digit of 286189811?
9
What is the hundreds digit of 74904812?
8
What is the ten millions digit of 6031345845?
3
What is the units digit of 1444281103?
3
What is the units digit of 49918326?
6
What is the thousands digit of 521477616?
7
What is the ten millions digit of 21263364?
2
What is the units digit of 77961954?
4
What is the thousands digit of 143821979?
1
What is the ten thousands digit of 260194618?
9
What is the hundreds digit of 8598489654?
6
What is the hundreds digit of 47127223?
2
What is the ten thousands digit of 1069536479?
3
What is the millions digit of 768161888?
8
What is the tens digit of 8827167?
6
What is the ten thousands digit of 701582403?
8
What is the billions digit of 1611189530?
1
What is the units digit of 1096698645?
5
What is the hundreds digit of 60116122?
1
What is the hundreds digit of 8728983?
9
What is the hundred thousands digit of 485269106?
2
What is the hundreds digit of 2745656431?
4
What is the hundred millions digit of 783346963?
7
What is the tens digit of 1216891304?
0
What is the thousands digit of 55086785?
6
What is the hundred thousands digit of 65465963?
4
What is the hundred millions digit of 3953692152?
9
What is the thousands digit of 94180530?
0
What is the ten thousands digit of 529819853?
1
What is the thousands digit of 2137708868?
8
What is the hundreds digit of 73826975?
9
What is the ten thousands digit of 445030623?
3
What is the hundred thousands digit of 5679059602?
0
What is the tens digit of 736674028?
2
What is the hundred thousands digit of 113514078?
5
What is the ten thousands digit of 33406914?
0
What is the hundred millions digit of 589411692?
5
What is the units digit of 1597638395?
5
What is the thousands digit of 56849480?
9
What is the billions digit of 2176575805?
2
What is the tens digit of 5472016746?
4
What is the tens digit of 3504156413?
1
What is the ten millions digit of 22080911?
2
What is the hundreds digit of 83435073?
0
What is the ten millions digit of 84469167?
8
What is the thousands digit of 2700309597?
9
What is the hundreds digit of 87651678?
6
What is the hundreds digit of 174646017?
0
What is the millions digit of 2820983916?
0
What is the hundred thousands digit of 323865768?
8
What is the thousands digit of 15580531?
0
What is the units digit of 568194867?
7
What is the hundred millions digit of 136750184?
1
What is the billions digit of 1330965225?
1
What is the ten millions digit of 66719805?
6
What is the hundred thousands digit of 425148154?
1
What is the tens digit of 1028040899?
9
What is the tens digit of 2323248279?
7
What is the hundreds digit of 188120983?
9
What is the hundred thousands digit of 236161280?
1
What is the units digit of 3175075412?
2
What is the millions digit of 92148958?
2
What is the billions digit of 2139874666?
2
What is the millions digit of 48972460?
8
What is the hundreds digit of 40363196?
1
What is the millions digit of 48015627?
8
What is the hundred thousands digit of 21823709?
8
What is the ten thousands digit of 338198922?
9
What is the thousands digit of 135494945?
4
What is the ten thousands digit of 1130247741?
4
What is the millions digit of 6905203?
6
What is the hundred thousands digit of 411773764?
7
What is the ten thousands digit of 9354397?
5
What is the units digit of 8062669?
9
What is the tens digit of 994346876?
7
What is the millions digit of 977679656?
7
What is the hundreds digit of 28914921?
9
What is the units digit of 35056122?
2
What is the millions digit of 1778710413?
8
What is the tens digit of 1034918760?
6
What is the hundred millions digit of 162555076?
1
What is the ten millions digit of 3397680662?
9
What is the tens digit of 16143033?
3
What is the thousands digit of 400412855?
2
What is the hundred millions digit of 1879553830?
8
What is the billions digit of 4662036220?
4
What is the thousands digit of 251811107?
1
What is the thousands digit of 93943181?
3